4. What is the units digit of v?
2
Let p = 306 + -157. What is the hundreds digit of p?
1
Let z = -16 + 25. Suppose 27 = -12*m + z*m. Let d(p) = p**3 + 9*p**2 - 4*p + 13. What is the units digit of d(m)?
9
Let s(i) = i**3 + 13*i**2 - 15*i + 6. Let l be s(-14). Suppose 3*z - p + 11 = 0, -2*p = 2*p - l. What is the tens digit of z + 2 + 30 - -1?
3
Suppose -h + y = -92, 0*y + 4*y = h - 92. Suppose 2*u + h = 4*u. What is the tens digit of u?
4
Let z = 3458 + -185. What is the units digit of z?
3
Let m be (-2)/10*(2 + -7). Suppose -o - 3 = m. Let k(r) = -4*r + 3. What is the units digit of k(o)?
9
Let y(h) = h**2 + 28*h - 57. Let p be y(-30). Suppose r - 128 - 27 = t, -p*t + 6 = 0. What is the units digit of r?
7
Let a(i) = -3 - 3 - 2*i - 3*i + 4*i. Let l be a(-10). Suppose l*c - 4*u - 204 = -3*u, 72 = c + 5*u. What is the units digit of c?
2
Let r(m) = -13*m - 8*m + 6*m - 7 - 3*m. What is the tens digit of r(-5)?
8
Let v = 28 - -36. Let i be (v/24)/((-2)/6). Let q(l) = l**3 + 7*l**2 - 10*l + 2. What is the tens digit of q(i)?
1
Let g(t) = -t**2 + 15*t + 13. Let b be 4*(-1 - (-14)/(-4)). Let x = 30 + b. What is the units digit of g(x)?
9
Let q = -742 + 1275. What is the tens digit of q?
3
What is the units digit of 7/189*107826 + (-20)/(-45)?
4
Suppose 4*u + 4*s = 220, -22*u = -27*u - s + 271. What is the units digit of u?
4
Suppose 50*w - 2*p - 421 = 49*w, 4*p + 2093 = 5*w. What is the tens digit of w?
1
Suppose 0 = 4*f + j - 1375, -f - 8*j + 5*j = -352. What is the units digit of f?
3
Let n be -2*1*(-3 + 1). Suppose 3*u = -0*c - 2*c - 5, -30 = -n*c + 2*u. What is the units digit of c?
5
Suppose -322*r + 323*r + 5*x - 427 = 0, x - 3 = 0. What is the units digit of r?
2
Suppose o + 44 = -3*o. Let m(j) = -101*j - 2*j**2 + 7 + 110*j - 8*j**2 - j**3. What is the units digit of m(o)?
9
Let s(q) = 21*q**2 - 7*q - 4. Let h be s(4). Suppose 70*r - 74*r + h = 0. What is the units digit of r?
6
Suppose -21*x = -85*x + 321024. What is the thousands digit of x?
5
Suppose -4*b + 368 = -156. Let d = b - 53. What is the units digit of d?
8
Let g(d) = 2*d**2 - 23*d - 21. Let j be g(13). Suppose -4*h + 0*h + 32 = 0. Let t = j - h. What is the units digit of t?
0
Suppose -i + w = -3329, -92*w + 88*w = -20. What is the units digit of i?
4
Let x = 206 + -320. Let l = x - -196. What is the tens digit of l?
8
Suppose -13*b = -14*b + 16. Let z = b + 45. What is the units digit of z?
1
Suppose 118 = l - 2*u, -5*u + 524 = 4*l - 0*u. What is the units digit of l?
6
Suppose -2*r + 4630 = -4*m, -2*r - 6937 = -5*r + 4*m. What is the tens digit of r?
0
Suppose 10*h + 6196 = 11*h - 4*c, 4*c = -h + 6180. What is the units digit of h?
8
Suppose 10*u - 288 = u. What is the tens digit of u?
3
Suppose 4*r - 5*c = 62, 0*r - r = 3*c - 7. Let h(w) = 4*w - 29 - 7 + 17. What is the units digit of h(r)?
3
Let g be (-4)/20 - 4901/(-5). What is the units digit of 2/13 - (-1 + g/(-52))?
0
Let o = 2470 - 2268. What is the units digit of o?
2
Let u = 488 - 22. Suppose 79 = -3*g + u. What is the hundreds digit of g?
1
Let s be (1 - -1) + -5 - -7. Suppose 0 = -s*i + i + 144. Suppose -19*x + 20*x - i = 0. What is the tens digit of x?
4
Let d(c) = -c**3 + 17*c**2 + 19*c - 20. Let n be d(18). Let k = 15 - n. What is the units digit of k?
7
Let m = 348 - 255. What is the units digit of m?
3
Suppose 5 = 2*j + 13. Let y be j/(-24) - 70/(-12). Suppose 6 = y*c - 5*c. What is the units digit of c?
6
Suppose -819*w + 823*w = 11544. What is the thousands digit of w?
2
Suppose 3*t + 4 = 5*t. Suppose -114 = -t*s - 34. What is the tens digit of s?
4
Suppose 0 = -6*y - 10 - 26. What is the tens digit of (-123)/(-2) + (y/(-4))/3?
6
Let q(r) = -2*r**3 - 16*r**2 + 16*r - 13. Let m be q(-9). Suppose -n = -a + 3*n + 106, -5*n + 555 = m*a. What is the units digit of a?
0
Suppose a - 1136 = -345. Suppose -5*g + 2*h = h - 989, 0 = -4*g + h + a. What is the tens digit of g?
9
Let c(b) = -b**3 + 9*b**2 + b - 9. Let i be c(9). What is the units digit of (12/5 - i)/(16/1240)?
6
Let d(l) be the third derivative of -l**5/60 + 5*l**4/12 - 5*l**3/6 - 6*l**2. Let v be d(9). Suppose 66 + 30 = v*u. What is the units digit of u?
4
Let o(r) = 144*r**2 - 11*r + 77. What is the thousands digit of o(5)?
3
Let x(v) = -2*v. Let q be x(-8). Let r = -19 + q. What is the units digit of (r + 3 - 2) + 8?
6
Suppose -r + 2*b - 3*b + 104 = 0, b = -3*r + 306. What is the tens digit of r?
0
Let o(x) = -9*x - 36. Let p be -4 - ((-3)/12)/((-4)/48). What is the units digit of o(p)?
7
Let v(k) = -k**2 + 12*k - 15. Let t be v(10). Let n = -6 + t. Let l(p) = -23*p**3 + p**2 + 2*p + 1. What is the tens digit of l(n)?
2
Suppose -4*t = -148*f + 153*f - 16380, 0 = 5*t + 2*f - 20458. What is the tens digit of t?
9
Let v be (-75 + -30)*((-2)/6 - 0). Suppose 4*c - 101 = 3*g, c = -0*c + 4*g + v. What is the units digit of c?
3
Let z(g) = 20*g - 12. Let a be z(2). Suppose 16*b + 1380 = a*b. What is the units digit of b?
5
Let r = 9 + -7. Suppose -x + 4 = 4*n, 5*n - r*x - 10 = 4*n. Let i = n + 1. What is the units digit of i?
3
Let l(t) be the third derivative of t**5/60 + t**3/3 - 9*t**2. Let p be l(-4). Suppose 3*m + p = 5*m. What is the units digit of m?
9
Let a(x) = x**2 - 4*x. Let y be a(5). Suppose -y*f - 11 = -4*h, 4*h - 3*f + 0*f = 13. Suppose 15 = h*n - 21. What is the units digit of n?
9
Let t be -4 - ((-4)/2 + 0). Let l be (14/(-8))/(t/8). Let m = 36 - l. What is the units digit of m?
9
Suppose -7 = 3*o - 19. Suppose b = -o*j + 45 + 5, -3*b = -2*j - 136. What is the units digit of b?
6
Suppose -2*y = i - 11208, -7*y - 3*i - 5604 = -8*y. What is the thousands digit of y?
5
Let y be 3/(-9) + (-52)/(-12). Suppose q + y*o - 1 = 2*q, 10 = 3*q + o. Suppose -2*i + 93 = 2*m - q*m, -4*i - m + 195 = 0. What is the tens digit of i?
4
Let s = 75 + -54. Suppose -6*k = -s - 159. What is the tens digit of k?
3
Let a(t) = 1289*t**2 + t. Let f be a(1). What is the units digit of ((16/(-10))/(-2))/(12/f)?
6
What is the thousands digit of 204/(-34) - (-2214 - -1)?
2
Suppose -f + 1157 + 1555 = 3*r, 4*r = -7*f + 18967. What is the thousands digit of f?
2
Let t(y) = -y**3 - 7*y**2 + y + 4. Let v be t(-6). Suppose 0 = 3*a - r + 11, -5*r = -3*a - 0*r + 5. Let g = a - v. What is the tens digit of g?
3
Suppose 5*t = 3*b - 381, -5*b = 5*t - 100 - 495. What is the tens digit of b?
2
Let x be (-6)/15 - (-3 - 96/15). Suppose x*u + 265 = 10*u. What is the tens digit of u?
6
What is the hundreds digit of (-10)/15 + (-1820)/(-12)?
1
Let q = 445 - -2. What is the hundreds digit of q?
4
Let q be 12/8*4/3 - -10. Suppose 3*v + q = 0, 3*x = 2*v + 2*v + 19. What is the units digit of x?
1
Let p = 28 + -47. Let c = p + 37. What is the tens digit of c?
1
Let u(n) = n**2 - 2*n + 1. Let a be u(-2). Suppose -5*m + 94 = a. Let o = m + -2. What is the tens digit of o?
1
Let s(l) = 7*l - 3. Suppose 3*v - 4*v - 3*b = 0, 3*v - 65 = 4*b. Let q be (-32)/(-6) + v/(-45). What is the tens digit of s(q)?
3
Let x be (-982)/(-5) - ((-60)/(-25) - 2). Suppose 0*v - x = -4*v. What is the tens digit of v?
4
Let c(i) be the third derivative of 0*i - 1/2*i**3 - 5*i**2 + 1/60*i**5 + 1/6*i**4 + 0 - 1/120*i**6. What is the units digit of c(2)?
1
Let u(p) be the second derivative of 5*p**4/2 - 3*p**3/2 + 8*p**2 + 6*p. What is the tens digit of u(2)?
1
Suppose -11*i + 8*i = -36. Let j = -5 + 3. Let t = i + j. What is the units digit of t?
0
Let z = 10 - -115. Suppose -5*f + 30 + 80 = -5*u, -84 = -3*f - 3*u. Suppose 20*g + z = f*g. What is the tens digit of g?
2
Suppose 4*h - 6790 - 318 = 0. What is the units digit of h?
7
Let y = -3497 + 6173. Suppose o + 4*k + y = 5*o, 4*k = -3*o + 1986. Suppose -4*c - 5*c + o = 0. What is the units digit of c?
4
Suppose -3*c + 373 = -h - 667, -3*c + 2*h = -1045. What is the units digit of c?
5
What is the thousands digit of -186*(-7)/(-28)*436/(-6)?
3
Let o(j) = 46*j - 324. What is the hundreds digit of o(45)?
7
Suppose -2*r = -2*h + 5*h + 144, 4*r + 188 = -4*h. Let s be h/4 + 9/6. What is the units digit of -4 + 7 + -3 - s?
1
Suppose 12 = -4*k + 36. Let g(i) = -3*i**2 + 36*i - 9. Let o(r) = -r**2 + 12*r - 3. Let b(t) = 4*g(t) - 11*o(t). What is the tens digit of b(k)?
3
Suppose 5*m = 15, -k = -4*m + 3*m - 3. Let n be ((-5)/15)/((-1)/k). What is the tens digit of ((-5)/(-2) - 